{"id":560,"date":"2021-01-28T14:25:36","date_gmt":"2021-01-28T14:25:36","guid":{"rendered":"http:\/\/sandysun.eu\/?page_id=560"},"modified":"2021-01-28T17:47:03","modified_gmt":"2021-01-28T17:47:03","slug":"contemporary-trapeze-dance-solo","status":"publish","type":"page","link":"https:\/\/sandysun.eu\/?page_id=560","title":{"rendered":"Contemporary trapeze dance solo"},"content":{"rendered":"<p>Dans <em>Contemporary trapeze dance solo,<\/em> cr\u00e9\u00e9 en 1984, Sandy Sun explore toutes les possibilit\u00e9s spatiales de l\u2019agr\u00e8s\u00a0: avec les cordes, sur la barre, sous la barre. Son num\u00e9ro est pens\u00e9 comme un mouvement continu du d\u00e9but \u00e0 la fin dans une chor\u00e9graphie circulaire.<br \/>\nLe cercle a toujours passionn\u00e9 Sandy Sun car l\u2019on ne peut cacher aucun angle de son corps. \u00ab\u00a0Vous ne pouvez vous \u00e9chapper, vous \u00eates totalement expos\u00e9e et enti\u00e8rement entour\u00e9e du public dans une contrainte \u00e0 360\u00b0.\u00a0\u00bb dit elle.<br \/>\nCe que Sandy Sun exprime dans ce nouveau num\u00e9ro n\u2019est pas narratif, mais ce sont de petits morceaux d\u2019histoires, sentiments et pens\u00e9es politiques, historiques, \u00e9rotiques.<br \/>\nChaque image est tr\u00e8s pr\u00e9cis\u00e9ment travaill\u00e9e, comme des sculpture en mouvement, des \u0153uvres cin\u00e9tiques. Elle leur a donn\u00e9 des titres\u00a0: \u00ab\u00a0Th\u00e9\u00e2tre No\u00a0\u00bb, \u00ab\u00a0Triangles\u00a0\u00bb.<\/p>\n<p>Ses mouvements venaient de l\u2019int\u00e9rieur et elle a ainsi \u00e9labor\u00e9 de nouvelles figures et un nouveau territoire chor\u00e9graphique pour le trap\u00e8ze, apportant les bases d\u2019un style contemporain autour d\u2019un agr\u00e8s traditionnel.<br \/>\nSon num\u00e9ro est devenu une danse au trap\u00e8ze, une danse de trap\u00e8ze.<\/p>\n<p>Laur\u00e9ate en 1984 de la Fondation Marcel Bleustein-Blanchet pour la Vocation pour ce num\u00e9ro novateur, elle l&rsquo;a donn\u00e9 dans de nombreux spectacles de cirque contemporain\u00a0 et cabarets d&rsquo;Europe.<\/p>\n<p><a href=\"http:\/\/youtu.be\/YSS7TIlIs9c\">Sandy Sun laur\u00e9ate de la \u00ab\u00a0Fondation Marcel Bleustein-Blanchet pour la Vocation\u00a0\u00bb<\/a>, (present\u00e9e par Michel Drucker Th\u00e9\u00e2tre de l\u2019Empire \u2013 Paris, Antenne 2, 1984)<\/p>\n","protected":false},"excerpt":{"rendered":"<p>Dans Contemporary trapeze dance solo, cr\u00e9\u00e9 en 1984, Sandy Sun explore toutes les possibilit\u00e9s spatiales de l\u2019agr\u00e8s\u00a0: avec les cordes, sur la barre, sous la barre. Son num\u00e9ro est pens\u00e9 comme un mouvement continu du d\u00e9but \u00e0 la fin dans &hellip; <a href=\"https:\/\/sandysun.eu\/?page_id=560\">Continuer la lecture <span class=\"meta-nav\">&rarr;<\/span><\/a><\/p>\n","protected":false},"author":1,"featured_media":0,"parent":0,"menu_order":0,"comment_status":"closed","ping_status":"open","template":"","meta":{"footnotes":""},"class_list":["post-560","page","type-page","status-publish","hentry"],"_links":{"self":[{"href":"https:\/\/sandysun.eu\/index.php?rest_route=\/wp\/v2\/pages\/560","targetHints":{"allow":["GET"]}}],"collection":[{"href":"https:\/\/sandysun.eu\/index.php?rest_route=\/wp\/v2\/pages"}],"about":[{"href":"https:\/\/sandysun.eu\/index.php?rest_route=\/wp\/v2\/types\/page"}],"author":[{"embeddable":true,"href":"https:\/\/sandysun.eu\/index.php?rest_route=\/wp\/v2\/users\/1"}],"replies":[{"embeddable":true,"href":"https:\/\/sandysun.eu\/index.php?rest_route=%2Fwp%2Fv2%2Fcomments&post=560"}],"version-history":[{"count":6,"href":"https:\/\/sandysun.eu\/index.php?rest_route=\/wp\/v2\/pages\/560\/revisions"}],"predecessor-version":[{"id":575,"href":"https:\/\/sandysun.eu\/index.php?rest_route=\/wp\/v2\/pages\/560\/revisions\/575"}],"wp:attachment":[{"href":"https:\/\/sandysun.eu\/index.php?rest_route=%2Fwp%2Fv2%2Fmedia&parent=560"}],"curies":[{"name":"wp","href":"https:\/\/api.w.org\/{rel}","templated":true}]}}