{"id":20,"date":"2015-01-28T17:03:56","date_gmt":"2015-01-28T17:03:56","guid":{"rendered":"http:\/\/sandysun.eu\/?page_id=20"},"modified":"2024-07-11T07:19:03","modified_gmt":"2024-07-11T07:19:03","slug":"recherches-et-conferences","status":"publish","type":"page","link":"https:\/\/sandysun.eu\/?page_id=20","title":{"rendered":"Recherche et conf\u00e9rences"},"content":{"rendered":"<p>Sandy Sun contribue depuis plusieurs ann\u00e9es aux recherches scientifiques sur le cirque. Titulaire du Dipl\u00f4me d&rsquo;Etat de Professeur de cirque, charg\u00e9e de cours \u00e0 l&rsquo;universit\u00e9, artiste associ\u00e9e au programme \u00ab\u00a0Circus Arts&amp;Sciences\u00a0\u00bb de l&rsquo;Universit\u00e9 Montpellier 3 en France, elle est r\u00e9guli\u00e8rement sollicit\u00e9e comme conf\u00e9renci\u00e8re invit\u00e9e, par des universit\u00e9s et d&rsquo;autres institutions, pour des colloques, workshops ou encore des jurys. Ses domaines sont : histoire et esth\u00e9tique du cirque, bioengeenering of trapeze performances and aerial acrobatics, pr\u00e9vention en acrobatie a\u00e9rienne.\u00a0 Elle intervient aussi sur d&rsquo;autres sujets li\u00e9s au cabaret, aux \u00ab\u00a0vari\u00e9t\u00e9s\u00a0\u00bb, au music-hall ou au cirque.<\/p>\n<p><a href=\"http:\/\/sandysun.eu\/wp-content\/uploads\/2024\/05\/Sandy-Sun_Publications_Update052024.pdf\">Publications<\/a><\/p>\n<p><a href=\"http:\/\/sandysun.eu\/wp-content\/uploads\/2015\/01\/Unknown.png\">Existence-Ciel : le trap\u00e8ze au risque de l&rsquo;art<\/a><\/p>\n<p><a href=\"http:\/\/sandysun.eu\/?page_id=658\">Le cirque de plus pr\u00e8s<\/a><\/p>\n<p><a href=\"http:\/\/sandysun.eu\/?page_id=663\">Clownographies. Les mille vies des clowns<\/a><\/p>\n<p>&nbsp;<\/p>\n<p>&nbsp;<\/p>\n","protected":false},"excerpt":{"rendered":"<p>Sandy Sun contribue depuis plusieurs ann\u00e9es aux recherches scientifiques sur le cirque. Titulaire du Dipl\u00f4me d&rsquo;Etat de Professeur de cirque, charg\u00e9e de cours \u00e0 l&rsquo;universit\u00e9, artiste associ\u00e9e au programme \u00ab\u00a0Circus Arts&amp;Sciences\u00a0\u00bb de l&rsquo;Universit\u00e9 Montpellier 3 en France, elle est r\u00e9guli\u00e8rement &hellip; <a href=\"https:\/\/sandysun.eu\/?page_id=20\">Continuer la lecture <span class=\"meta-nav\">&rarr;<\/span><\/a><\/p>\n","protected":false},"author":1,"featured_media":0,"parent":0,"menu_order":0,"comment_status":"closed","ping_status":"open","template":"","meta":{"footnotes":""},"class_list":["post-20","page","type-page","status-publish","hentry"],"_links":{"self":[{"href":"https:\/\/sandysun.eu\/index.php?rest_route=\/wp\/v2\/pages\/20","targetHints":{"allow":["GET"]}}],"collection":[{"href":"https:\/\/sandysun.eu\/index.php?rest_route=\/wp\/v2\/pages"}],"about":[{"href":"https:\/\/sandysun.eu\/index.php?rest_route=\/wp\/v2\/types\/page"}],"author":[{"embeddable":true,"href":"https:\/\/sandysun.eu\/index.php?rest_route=\/wp\/v2\/users\/1"}],"replies":[{"embeddable":true,"href":"https:\/\/sandysun.eu\/index.php?rest_route=%2Fwp%2Fv2%2Fcomments&post=20"}],"version-history":[{"count":37,"href":"https:\/\/sandysun.eu\/index.php?rest_route=\/wp\/v2\/pages\/20\/revisions"}],"predecessor-version":[{"id":396,"href":"https:\/\/sandysun.eu\/index.php?rest_route=\/wp\/v2\/pages\/20\/revisions\/396"}],"wp:attachment":[{"href":"https:\/\/sandysun.eu\/index.php?rest_route=%2Fwp%2Fv2%2Fmedia&parent=20"}],"curies":[{"name":"wp","href":"https:\/\/api.w.org\/{rel}","templated":true}]}}